e -f + 32 = 5*t, f = w*t + 3*t - 28. Calculate the remainder when 16 is divided by (7/2)/(3/t).
2
Calculate the remainder when 11231 is divided by ((-416)/5)/((-23)/(-5) - 5).
207
Suppose 14*i = -9*i + 506. Let l = 19 - 9. Suppose 7*t - l*t + 180 = 0. Calculate the remainder when t is divided by i.
16
Let n = 4209 - 4162. Calculate the remainder when 2490 is divided by n.
46
What is the remainder when 730 - ((-10)/(-8))/(44/176) - 6 is divided by 61?
48
Let z(w) = -7*w - 8. Let x(l) = 10*l + 12. Let a(t) = 5*x(t) + 8*z(t). Suppose -962 = -243*h + 169*h. Calculate the remainder when a(-7) is divided by h.
12
Let y(f) = f**2 - 7*f + 7. Let j be y(7). Let r(g) = 0 - 4 + 9*g + j - g**2. Calculate the remainder when 98 is divided by r(8).
10
Let p = -358 + 358. Suppose 0 = 2*r - 3*l - 139, -4*l = -5*r - p*l + 344. Calculate the remainder when r is divided by 25.
18
Calculate the remainder when 683 is divided by 7*3*(588/36)/1.
340
Let p = -10769 - -25776. What is the remainder when p is divided by 139?
134
Let v = 8136 + -8146. Let o(l) be the second derivative of l**4/12 + 3*l**3/2 + 19*l**2/2 + l. What is the remainder when o(v) is divided by 17?
12
Suppose -5*k + 86 = -2*z - 271, -3*k + 180 = -z. Let c = -132 - z. Calculate the remainder when c is divided by 21.
18
Let g = 330 + -276. Suppose 0 = 64*r - g*r - 270. What is the remainder when 73 is divided by r?
19
Suppose 144*f + 20 = 154*f. Suppose -24 = -q - 2*r, 7*r - f*r + 180 = 5*q. Calculate the remainder when 120 is divided by q.
24
Let b = 561 + -71. Calculate the remainder when 1/(1 + (-485)/b) is divided by 51.
47
Let k(v) = 3*v - 406. Let r(o) = o + 3. Let u(x) = -k(x) - 4*r(x). What is the remainder when 117 is divided by u(48)?
1
Let j be (-7 - 64/(-8)) + (0 - -4). What is the remainder when 38 is divided by (8/j)/((234/225)/13)?
18
Suppose 11 = -2*z - 3*q, -9*q + 3 = -6*q. What is the remainder when (z + 11 - -7)/((-3)/(-51)) is divided by 38?
35
Let a = -108 + 41. Let q(u) = -122*u + 822. Let w be q(8). Let h = a - w. Calculate the remainder when h is divided by 22.
21
Let o(i) = i + 14. Let c be (-2 - (-2 - 1)) + 14. Let g = 155 - 144. Calculate the remainder when o(c) is divided by g.
7
Let z = 4622 + -4043. Calculate the remainder when z is divided by 116.
115
Suppose 6*a - 435 - 111 = 0. Suppose c + 6*c - a = 0. What is the remainder when (96/18)/(2/9) is divided by c?
11
Let y = -1 + 10. Suppose -4*c + j + 3*j + 112 = 0, -c + 4*j + 16 = 0. Suppose c*a - 960 = -8*a. What is the remainder when a is divided by y?
6
Suppose 0 = -6*k + 2*k + 8. Let m(t) = 5 + 1 + k + 2 + t. Calculate the remainder when 24 is divided by m(0).
4
Let u = -223 - -251. What is the remainder when (5 - 2)/3 + u is divided by 4?
1
Suppose -3*r = 5*n - 8*r - 555, 2*r - 234 = -2*n. Let h(l) = -2 + 2*l**2 + 5 - 25*l - 7 + 6*l. Calculate the remainder when n is divided by h(11).
27
Suppose -39 = 8*i - 55. Suppose -2*n - 5*p + 33 = 0, 4*n - i*p - 51 = 3*p. Let q = 25 - 5. Calculate the remainder when q is divided by n.
6
Let o = -55 - -61. Suppose 2*n + 3*u - 150 = o*u, -3*n - 5*u + 206 = 0. Let g = n + -56. Calculate the remainder when 62 is divided by g.
14
Calculate the remainder when (-25)/35*-7 + 529 is divided by 191.
152
Let j = 7725 - 7692. What is the remainder when 4025 is divided by j?
32
Let q = 215 + -190. Suppose 14*h - q*h = -11. What is the remainder when 15 is divided by h?
0
Let t(u) = 558 - 546 + 2*u - 5*u - 3*u. Let a be t(-8). Let g = -24 + a. Calculate the remainder when g is divided by 24.
12
Suppose -25 = 6*p - p, 30 = 2*q - 4*p. Let s(i) = -4*i + 41. Suppose -19 = -5*x + 4*k + 274, 4*x - 2*k = 232. Calculate the remainder when x is divided by s(q).
15
Suppose 35 = z - 3*t, -73 = -3*z + 3*t - 2*t. What is the remainder when 153 is divided by z?
15
Let w(p) = 6*p + 1. Suppose 0 = -5*n + 273*g - 274*g + 214, 2*g = 4*n - 188. Calculate the remainder when n is divided by w(2).
5
Let c = -2082 + 2100. What is the remainder when 9484 is divided by c?
16
What is the remainder when 472 is divided by 399/361 - 1 - (-338)/38?
4
Suppose -w = -3*w - 2*m - 76, 2*m - 47 = w. Let x be 2/(-8) - 7/28*w. What is the remainder when (1 - -2) + 160/x is divided by 10?
9
Let r(b) = b**2 - 3*b + 6. Let o be 6/((-3)/(-6) - -1). Suppose 73*u - 196 = 69*u - 2*p, -3*u = 2*p - 148. What is the remainder when u is divided by r(o)?
8
Suppose -q - 4*w = -1477 - 5929, 0 = q + w - 7391. Calculate the remainder when q is divided by 9.
6
Let f = -1785 + 2201. Calculate the remainder when f is divided by 156.
104
Let z(w) = -w + 1. Let m = 866 - 1539. Let p = m + 700. What is the remainder when p is divided by z(-5)?
3
Let v = 5079 - 3910. What is the remainder when v is divided by 51?
47
Let c(v) = -3*v**2 - 34*v - 10. Let g be c(-11). Let r be 3/5*((g - 0) + 9). Suppose 0 = -h - r + 14. Calculate the remainder when 23 is divided by h.
7
Let s be 0 - 1 - 7/(35/(-320)). Suppose s = 7*l - 0*l. Calculate the remainder when 58 is divided by l.
4
Suppose 6*d - 75 = -9*d. Suppose -d*g + 60 = -135. Let f = -18 + 29. What is the remainder when g is divided by f?
6
Let z(g) = -4*g. Let c be (-3 - (-765)/10)*4/(-6). What is the remainder when 8/(-4)*c/2 - -5 is divided by z(-2)?
6
Let f(u) = u**2 - 105*u - 6296. Suppose 3*j + j = 5*a + 63, 5*j + 3*a - 51 = 0. What is the remainder when f(148) is divided by j?
8
Suppose -1516*z + 1498*z + 1206 = 0. What is the remainder when 1606 is divided by z?
65
Let c be ((-10)/(-3))/((-20)/(-30)). Let h(v) = v**3 - 6*v**2 + 7*v. What is the remainder when 146/3 + 1/9*3 is divided by h(c)?
9
Suppose 1894 + 1268 = 186*a. Calculate the remainder when 2376 is divided by a.
13
What is the remainder when (1*-3298)/(-2) + (-14)/7 is divided by 118?
113
Suppose 0 = 5*l + 3*v - 3, -9*l + 10*l = -3*v - 9. Let z = -25 + 35. What is the remainder when z is divided by l?
1
Let j = 4447 + -3808. Calculate the remainder when j is divided by 14.
9
Suppose 502*l = 495*l + 182. Calculate the remainder when 138 is divided by l.
8
Suppose -3*v = 5*b - 1249, -1539*v + 1312 = -1536*v - 4*b. What is the remainder when v is divided by 69?
14
Let o(r) = -r**3 + 3*r**2 - 27*r + 35. Let i(s) = -s**3 + s**2 - 27*s + 33. Let h(g) = 6*i(g) - 7*o(g). What is the remainder when h(14) is divided by 3?
0
What is the remainder when (-324)/486*(-1981 + 1) is divided by 401?
117
Suppose -5*i + 5*h + 515 = 0, -2*h = -2*i - 3*h + 197. Suppose 0 = 5*v - 3*z - 1024, -2*v + 3*z + 480 = 83. Calculate the remainder when v is divided by i.
9
Let i be -1 - (3/12 - 2769/(-12)). Let j = -205 - i. Calculate the remainder when 132 is divided by j.
24
Let x(j) = 6 - 188*j**3 + 4*j**2 + j**2 + 189*j**3. What is the remainder when 100 is divided by x(-5)?
4
Suppose 9760 = 2*l + 18*l. Suppose 0 = -13*h - 46 + l. Calculate the remainder when h is divided by 9.
7
Let g(r) = -15*r - 20. Let p(c) = 8*c + 9. Let j(k) = -4*g(k) - 9*p(k). What is the remainder when j(-40) is divided by 80?
79
Let i(r) = -r**3 - r**2 - r + 4. Let v be i(0). Let u = 257 + -257. Suppose u = m - 1 - v. What is the remainder when m is divided by 4?
1
Suppose 5*w - 154 = -4*r, -3*r + 7*w + 106 = 6*w. What is the remainder when (-7)/(21/(-402)) - -4 is divided by r?
30
Suppose -66*h = -115*h + 980. Calculate the remainder when 4 + 393/3 + 2 is divided by h.
17
Let c = 152 + -152. Suppose c = -2*r - 2*a + 112, -2*a - 2 = -3*r + 166. What is the remainder when r is divided by 31?
25
Suppose -5*m + 57 = 7. Suppose 2*k + m = 4*k. Suppose k = -u + 17. Calculate the remainder when 95 is divided by u.
11
Suppose -20*y + 225 = -19*y + p, 5*y = -4*p + 1122. Suppose 25*i - y = 328. Calculate the remainder when 284 is divided by i.
20
Calculate the remainder when 1/((-4)/(-2939)) - (1 - 160/128) is divided by 204.
123
Let a(v) = -7*v + 2. Let d(h) = -178*h**2 + 421*h + 6. Calculate the remainder when d(2) is divided by a(-5).
25
Suppose -8*z + 0 = -32. What is the remainder when (-5)/(10/z)*-53 is divided by 54?
52
Let n = -208 + 385. Let a = -1120 + 1130. What is the remainder when n is divided by a?
7
Let p(o) = o**2 + 65. Let k = 53 - 36. Calculate the remainder when p(0) is divided by k.
14
Let w(c) = 4*c**2 - 2*c - 10. Let j be w(-6). Let l = 162 - j. Calculate the remainder whe